{"id":1361,"date":"2020-10-15T21:53:26","date_gmt":"2020-10-16T00:53:26","guid":{"rendered":"https:\/\/cbpot2020.sbpot.org.br\/portal\/?page_id=1361"},"modified":"2020-10-19T12:21:54","modified_gmt":"2020-10-19T15:21:54","slug":"mini-cursos","status":"publish","type":"page","link":"https:\/\/cbpot2020.sbpot.org.br\/portal\/programacao\/mini-cursos\/","title":{"rendered":"Mini Cursos"},"content":{"rendered":"\t\t<div data-elementor-type=\"wp-page\" data-elementor-id=\"1361\" class=\"elementor elementor-1361\" data-elementor-settings=\"[]\">\n\t\t\t\t\t\t<div class=\"elementor-inner\">\n\t\t\t\t\t\t\t<div class=\"elementor-section-wrap\">\n\t\t\t\t\t\t\t<section data-particle_enable=\"false\" data-particle-mobile-disabled=\"false\" class=\"elementor-section elementor-top-section elementor-element elementor-element-fcd6e40 elementor-section-boxed elementor-section-height-default elementor-section-height-default\" data-id=\"fcd6e40\" data-element_type=\"section\">\n\t\t\t\t\t\t<div class=\"elementor-container elementor-column-gap-default\">\n\t\t\t\t\t\t\t<div class=\"elementor-row\">\n\t\t\t\t\t<div class=\"elementor-column elementor-col-100 elementor-top-column elementor-element elementor-element-3cc4545\" data-id=\"3cc4545\" data-element_type=\"column\">\n\t\t\t<div class=\"elementor-column-wrap elementor-element-populated\">\n\t\t\t\t\t\t\t<div class=\"elementor-widget-wrap\">\n\t\t\t\t\t\t\t\t<\/div>\n\t\t\t\t\t<\/div>\n\t\t<\/div>\n\t\t\t\t\t\t\t\t<\/div>\n\t\t\t\t\t<\/div>\n\t\t<\/section>\n\t\t\t\t<section data-particle_enable=\"false\" data-particle-mobile-disabled=\"false\" class=\"elementor-section elementor-top-section elementor-element elementor-element-d36a2fe elementor-section-boxed elementor-section-height-default elementor-section-height-default\" data-id=\"d36a2fe\" data-element_type=\"section\">\n\t\t\t\t\t\t<div class=\"elementor-container elementor-column-gap-default\">\n\t\t\t\t\t\t\t<div class=\"elementor-row\">\n\t\t\t\t\t<div class=\"elementor-column elementor-col-100 elementor-top-column elementor-element elementor-element-129cacf\" data-id=\"129cacf\" data-element_type=\"column\">\n\t\t\t<div class=\"elementor-column-wrap elementor-element-populated\">\n\t\t\t\t\t\t\t<div class=\"elementor-widget-wrap\">\n\t\t\t\t\t\t<div class=\"elementor-element elementor-element-dd907ee elementor-widget elementor-widget-global elementor-global-79 elementor-widget-eael-login-register\" data-id=\"dd907ee\" data-element_type=\"widget\" data-widget_type=\"eael-login-register.default\">\n\t\t\t\t<div class=\"elementor-widget-container\">\n\t\t\t        <div class=\"eael-login-registration-wrapper\"\n             data-is-ajax=\"yes\"\n             data-widget-id=\"dd907ee\"\n             data-recaptcha-sitekey=\"6Led4gETAAAAAG1_LMrfmZgUEMc8y2XWcOUFWflO\"\n        >\n\t\t\t            <section\n                    id=\"eael-login-form-wrapper\"\n                    class=\"\"\n                    data-recaptcha-theme=\"light\"\n                    data-recaptcha-size=\"normal\">\n                <div class=\"eael-login-form-wrapper eael-lr-form-wrapper style-2 lr-icon-showing\">\n\t\t\t\t\t                        <div class=\"lr-form-wrapper\">\n\t\t\t\t\t\t\t\t\t\t\t\t\t\t                            <form class=\"eael-login-form eael-lr-form\"\n                                  id=\"eael-login-form\"\n                                  method=\"post\">\n\t\t\t\t\t\t\t\t                                <div class=\"eael-lr-form-group\">\n\t\t\t\t\t\t\t\t\t<label for=\"eael-user-login\" class=\"eael-field-label\">Nome de usu\u00e1rio ou endere\u00e7o de e-mail<\/label>                                    <input type=\"text\"\n                                           name=\"eael-user-login\"\n                                           id=\"eael-user-login\"\n                                           class=\"eael-lr-form-control\"\n                                           aria-describedby=\"emailHelp\"\n                                           placeholder=\"Nome de usu\u00e1rio ou endere\u00e7o de e-mail\"\n                                           required>\n\t\t\t\t\t\t\t\t\t<i class=\"fas fa-user\"><\/i>                                <\/div>\n                                <div class=\"eael-lr-form-group\">\n\t\t\t\t\t\t\t\t\t<label for=\"eael-user-password\" class=\"eael-field-label\">Senha<\/label>                                    <div class=\"eael-lr-password-wrapper\">\n                                        <input type=\"password\"\n                                               name=\"eael-user-password\"\n                                               class=\"eael-lr-form-control\"\n                                               id=\"eael-user-password\"\n                                               placeholder=\"Senha\"\n                                               required>\n\t\t\t\t\t\t\t\t\t\t                                            <button type=\"button\"\n                                                    id=\"wp-hide-pw\"\n                                                    class=\"wp-hide-pw hide-if-no-js\"\n                                                    aria-label=\"Show password\">\n                                                <span class=\"dashicons dashicons-visibility\"\n                                                      aria-hidden=\"true\"><\/span>\n                                            <\/button>\n\t\t\t\t\t\t\t\t\t\t\t\t\t\t\t\t\t\t\t\t<i class=\"fas fa-lock\"><\/i>                                    <\/div>\n                                <\/div>\n                                <div class=\"eael-forever-forget eael-lr-form-group\">\n\t\t\t\t\t\t\t\t\t<p class=\"forget-pass\"><a href=\"https:\/\/cbpot2020.sbpot.org.br\/portal\/wp-login.php?action=lostpassword\">Perdeu a senha?<\/a><\/p>\n                                <\/div>\n\n\t\t\t\t\t\t\t\t\n\n                                <div class=\"eael-lr-footer\">\n                                    <input type=\"submit\"\n                                           name=\"eael-login-submit\"\n                                           id=\"eael-login-submit\"\n                                           class=\"g-recaptcha eael-lr-btn eael-lr-btn-block \"\n                                           value=\"Acessar\"\/>\n\t\t\t\t\t\t\t\t\t\n                                <\/div>\n\t\t\t\t\t\t\t\t                                <div class=\"eael-form-validation-container\">\n\t\t\t\t\t\t\t\t\t                                <\/div>\n\t\t\t\t\t\t\t\t<input type=\"hidden\" id=\"eael-login-nonce\" name=\"eael-login-nonce\" value=\"b2bdd25a00\" \/><input type=\"hidden\" name=\"_wp_http_referer\" value=\"\/portal\/wp-json\/wp\/v2\/pages\/1361\" \/>        <input type=\"hidden\"\n               name=\"page_id\"\n               value=\"1361\">\n        <input type=\"hidden\"\n               name=\"widget_id\"\n               value=\"dd907ee\">\n\t\t                            <\/form>\n\t\t\t\t\t\t\t                        <\/div>\n\t\t\t\t\t\t                <\/div>\n\n            <\/section>\n\t\t\t        <\/div>\n\n\t\t\t\t<\/div>\n\t\t\t\t<\/div>\n\t\t\t\t\t\t<\/div>\n\t\t\t\t\t<\/div>\n\t\t<\/div>\n\t\t\t\t\t\t\t\t<\/div>\n\t\t\t\t\t<\/div>\n\t\t<\/section>\n\t\t\t\t<section data-particle_enable=\"false\" data-particle-mobile-disabled=\"false\" class=\"pp-visibility-hidden elementor-section elementor-top-section elementor-element elementor-element-1ec7f03 elementor-section-boxed elementor-section-height-default elementor-section-height-default\" data-id=\"1ec7f03\" data-element_type=\"section\" data-settings=\"{&quot;pp_display_conditions_enable&quot;:&quot;yes&quot;}\">\n\t\t\t\t\t\t<div class=\"elementor-container elementor-column-gap-default\">\n\t\t\t\t\t\t\t<div class=\"elementor-row\">\n\t\t\t\t\t<div class=\"elementor-column elementor-col-100 elementor-top-column elementor-element elementor-element-8021f13\" data-id=\"8021f13\" data-element_type=\"column\">\n\t\t\t<div class=\"elementor-column-wrap elementor-element-populated\">\n\t\t\t\t\t\t\t<div class=\"elementor-widget-wrap\">\n\t\t\t\t\t\t<div class=\"elementor-element elementor-element-ed2fbad elementor-widget elementor-widget-accordion\" data-id=\"ed2fbad\" data-element_type=\"widget\" data-widget_type=\"accordion.default\">\n\t\t\t\t<div class=\"elementor-widget-container\">\n\t\t\t\t\t<div class=\"elementor-accordion\" role=\"tablist\">\n\t\t\t\t\t\t\t<div class=\"elementor-accordion-item\">\n\t\t\t\t\t<div id=\"elementor-tab-title-2481\" class=\"elementor-tab-title\" data-tab=\"1\" role=\"tab\" aria-controls=\"elementor-tab-content-2481\">\n\t\t\t\t\t\t\t\t\t\t\t\t\t<span class=\"elementor-accordion-icon elementor-accordion-icon-left\" aria-hidden=\"true\">\n\t\t\t\t\t\t\t\t\t\t\t\t\t\t\t<span class=\"elementor-accordion-icon-closed\"><i class=\"fas fa-plus\"><\/i><\/span>\n\t\t\t\t\t\t\t\t<span class=\"elementor-accordion-icon-opened\"><i class=\"fas fa-minus\"><\/i><\/span>\n\t\t\t\t\t\t\t\t\t\t\t\t\t\t<\/span>\n\t\t\t\t\t\t\t\t\t\t\t\t<a class=\"elementor-accordion-title\" href=\"\">31 DE OUTUBRO (S\u00c1BADO)<\/a>\n\t\t\t\t\t<\/div>\n\t\t\t\t\t<div id=\"elementor-tab-content-2481\" class=\"elementor-tab-content elementor-clearfix\" data-tab=\"1\" role=\"tabpanel\" aria-labelledby=\"elementor-tab-title-2481\">\t\t<div data-elementor-type=\"page\" data-elementor-id=\"1364\" class=\"elementor elementor-1364\" data-elementor-settings=\"[]\">\n\t\t\t\t\t\t<div class=\"elementor-inner\">\n\t\t\t\t\t\t\t<div class=\"elementor-section-wrap\">\n\t\t\t\t\t\t\t<section data-particle_enable=\"false\" data-particle-mobile-disabled=\"false\" class=\"elementor-section elementor-top-section elementor-element elementor-element-98d2991 elementor-section-boxed elementor-section-height-default elementor-section-height-default\" data-id=\"98d2991\" data-element_type=\"section\">\n\t\t\t\t\t\t<div class=\"elementor-container elementor-column-gap-default\">\n\t\t\t\t\t\t\t<div class=\"elementor-row\">\n\t\t\t\t\t<div class=\"elementor-column elementor-col-100 elementor-top-column elementor-element elementor-element-da40846\" data-id=\"da40846\" data-element_type=\"column\">\n\t\t\t<div class=\"elementor-column-wrap elementor-element-populated\">\n\t\t\t\t\t\t\t<div class=\"elementor-widget-wrap\">\n\t\t\t\t\t\t<div class=\"elementor-element elementor-element-cf0fc27 pp-table-center elementor-widget elementor-widget-pp-table\" data-id=\"cf0fc27\" data-element_type=\"widget\" data-settings=\"{&quot;table_type&quot;:&quot;responsive&quot;,&quot;scrollable&quot;:&quot;no&quot;}\" data-widget_type=\"pp-table.default\">\n\t\t\t\t<div class=\"elementor-widget-container\">\n\t\t\t\t\t<div class=\"pp-table-container\">\n\t\t\t<table class=\"pp-table tablesaw\" data-tablesaw-mode=\"stack\">\n\t\t\t\t\t\t\t<colgroup>\n\t\t\t\t\t\t\t\t<col\n\t\t\t\t\tspan=\"1\"\n\t\t\t\t\tclass=\"elementor-repeater-item-71f9aa3\"\n\t\t\t\t\t\t\t\t\t\t\tstyle=\"\n\t\t\t\t\t\t\t\t\t\t\t\t\t\t\t\t\t\t\t\t\"\n\t\t\t\t\t\t\t\t\t\t>\n\t\t\t\t\t\t\t<\/colgroup>\n\t\t\t\t\t<thead>\n\t\t\t<tr class=\"pp-table-row\">\n\t\t\t\t<th class=\"pp-table-cell pp-table-cell-8276c20\"><span class=\"pp-table-cell-content\"><span class=\"pp-table-cell-text\">8:00 \u00e0s 12:00<\/span><\/span><\/th><th class=\"pp-table-cell pp-table-cell-8ddc6d5\"><span class=\"pp-table-cell-content\"><span class=\"pp-table-cell-text\">Mini Cursos<\/span><\/span><\/th>\t\t\t<\/tr>\n\t\t<\/thead>\n\t\t\t\t<tfoot>\n\t\t\t<\/tr>\t\t<\/tfoot>\n\t\t\t\t<tbody>\n\t\t\t<tr ><td class=\"pp-table-cell pp-table-cell-c63e962\"><span class=\"pp-table-cell-content\"><span class=\"pp-table-cell-text\">Sala Amaz\u00f4nia<\/span><\/span><\/td><td class=\"pp-table-cell pp-table-cell-02d23a7\"><span class=\"pp-table-cell-content\"><span class=\"pp-table-cell-text\"><b>A Reforma Trabalhista E As Transforma\u00e7\u00f5es Do Mercado De Trabalho<\/b><br> \nC\u00e9lio Pereira De Oliveira Neto (USP)\n<\/span><\/span><\/td><\/tr><tr ><td class=\"pp-table-cell pp-table-cell-7d7aec1\"><span class=\"pp-table-cell-content\"><span class=\"pp-table-cell-text\">Sala Mata Atl\u00e2ntica<\/span><\/span><\/td><td class=\"pp-table-cell pp-table-cell-c12b328\"><span class=\"pp-table-cell-content\"><span class=\"pp-table-cell-text\"><b>Metodologias \u00c1geis Para Criatividade E Inova\u00e7\u00e3o: Design Thinking, Canvas E Pitch<\/b><br>Helena Brochado (Com Prop\u00f3sito)\n<\/span><\/span><\/td><\/tr><tr ><td class=\"pp-table-cell pp-table-cell-cc2ad1e\"><span class=\"pp-table-cell-content\"><span class=\"pp-table-cell-text\">Sala Cerrado<\/span><\/span><\/td><td class=\"pp-table-cell pp-table-cell-a0c0589\"><span class=\"pp-table-cell-content\"><span class=\"pp-table-cell-text\"><b>Efetividade De Treinamento, Desenvolvimento E Educa\u00e7\u00e3o Em Organiza\u00e7\u00f5es E Trabalho<\/b><br>Gard\u00eania Da Silva Abbad (UnB) &#038; Thais Zerbini (USP-RP)\n<\/span><\/span><\/td><\/tr><tr ><td class=\"pp-table-cell pp-table-cell-0d8b703\"><span class=\"pp-table-cell-content\"><span class=\"pp-table-cell-text\">Sala Caatinga<\/span><\/span><\/td><td class=\"pp-table-cell pp-table-cell-ea62f8a\"><span class=\"pp-table-cell-content\"><span class=\"pp-table-cell-text\"><b>Sa\u00fade mental e Trabalho na Seguran\u00e7a P\u00fablica<\/b><br>Liliana Guimar\u00e3es (UCDB)\n<\/span><\/span><\/td><\/tr><tr ><td class=\"pp-table-cell pp-table-cell-c7578da\"><span class=\"pp-table-cell-content\"><span class=\"pp-table-cell-text\">Sala Pantanal<\/span><\/span><\/td><td class=\"pp-table-cell pp-table-cell-467890f\"><span class=\"pp-table-cell-content\"><span class=\"pp-table-cell-text\"><b>Burnout: Diagn\u00f3stico e Interven\u00e7\u00e3o<\/b><br>Marina Greghi (USP-RP)\n<\/span><\/span><\/td><\/tr><tr ><td class=\"pp-table-cell pp-table-cell-3a70e69\"><span class=\"pp-table-cell-content\"><span class=\"pp-table-cell-text\">Sala Pampas<\/span><\/span><\/td><td class=\"pp-table-cell pp-table-cell-702fe10\"><span class=\"pp-table-cell-content\"><span class=\"pp-table-cell-text\"><b>Gest\u00e3o Da Carreira: A Lente Da Psicologia Organizacional E Do Trabalho<\/b><br>L\u00edgia Oliveira Silva (UFU)\n<\/span><\/span><\/td><\/tr><tr ><td class=\"pp-table-cell pp-table-cell-8f51771\"><span class=\"pp-table-cell-content\"><span class=\"pp-table-cell-text\">Sala Mata dos Cocais<\/span><\/span><\/td><td class=\"pp-table-cell pp-table-cell-52759d5\"><span class=\"pp-table-cell-content\"><span class=\"pp-table-cell-text\"><b>An\u00e1lise De Redes Sociais Aplicada Ao Contexto Organizacional<\/b><br>Elaine Neiva (UnB)\n<\/span><\/span><\/td><\/tr>\t\t<\/tbody>\n\t\t\t\t\t<\/table>\n\t\t<\/div>\n\t\t\t\t<\/div>\n\t\t\t\t<\/div>\n\t\t\t\t<div class=\"elementor-element elementor-element-47e2eec pp-table-center elementor-widget elementor-widget-pp-table\" data-id=\"47e2eec\" data-element_type=\"widget\" data-settings=\"{&quot;table_type&quot;:&quot;responsive&quot;,&quot;scrollable&quot;:&quot;no&quot;}\" data-widget_type=\"pp-table.default\">\n\t\t\t\t<div class=\"elementor-widget-container\">\n\t\t\t\t\t<div class=\"pp-table-container\">\n\t\t\t<table class=\"pp-table tablesaw\" data-tablesaw-mode=\"stack\">\n\t\t\t\t\t\t\t<colgroup>\n\t\t\t\t\t\t\t\t<col\n\t\t\t\t\tspan=\"1\"\n\t\t\t\t\tclass=\"elementor-repeater-item-71f9aa3\"\n\t\t\t\t\t\t\t\t\t\t\tstyle=\"\n\t\t\t\t\t\t\t\t\t\t\t\t\t\t\t\t\t\t\t\t\"\n\t\t\t\t\t\t\t\t\t\t>\n\t\t\t\t\t\t\t<\/colgroup>\n\t\t\t\t\t<thead>\n\t\t\t<tr class=\"pp-table-row\">\n\t\t\t\t<th class=\"pp-table-cell pp-table-cell-8276c20\"><span class=\"pp-table-cell-content\"><span class=\"pp-table-cell-text\">14:00 \u00e0s 18:00<\/span><\/span><\/th><th class=\"pp-table-cell pp-table-cell-8ddc6d5\"><span class=\"pp-table-cell-content\"><span class=\"pp-table-cell-text\">Mini Cursos<\/span><\/span><\/th>\t\t\t<\/tr>\n\t\t<\/thead>\n\t\t\t\t<tfoot>\n\t\t\t<\/tr>\t\t<\/tfoot>\n\t\t\t\t<tbody>\n\t\t\t<tr ><td class=\"pp-table-cell pp-table-cell-c63e962\"><span class=\"pp-table-cell-content\"><span class=\"pp-table-cell-text\">Sala Amaz\u00f4nia<\/span><\/span><\/td><td class=\"pp-table-cell pp-table-cell-02d23a7\">\t\t\t\t\t\t\t<a href=\"https:\/\/zoom.us\/meetings\" target=\"_blank\">\n\t\t\t\t\t\t\t<span class=\"pp-table-cell-content\"><span class=\"pp-table-cell-text\"><b>Gest\u00e3o Da Idade, Envelhecimento E Transi\u00e7\u00e3o Para Aposentadoria<\/b><br>Jos\u00e9 Carlos Zanelli (Instituto Zanelli)\n<\/span><\/span>\t\t\t\t\t\t\t<\/a>\n\t\t\t\t\t\t\t<\/td><\/tr><tr ><td class=\"pp-table-cell pp-table-cell-7d7aec1\"><span class=\"pp-table-cell-content\"><span class=\"pp-table-cell-text\">Sala Mata Atl\u00e2ntica<\/span><\/span><\/td><td class=\"pp-table-cell pp-table-cell-c12b328\"><span class=\"pp-table-cell-content\"><span class=\"pp-table-cell-text\"><b>Diagn\u00f3stico E Preven\u00e7\u00e3o De Riscos Psicossociais No Ambiente De Trabalho<\/b> \n<br>Elisa Ansoleaga (Universidade Diego Portales &#8211; Chile)\n<\/span><\/span><\/td><\/tr><tr ><td class=\"pp-table-cell pp-table-cell-4af7b12\"><span class=\"pp-table-cell-content\"><span class=\"pp-table-cell-text\">Sala Cerrado<\/span><\/span><\/td><td class=\"pp-table-cell pp-table-cell-55c1162\"><span class=\"pp-table-cell-content\"><span class=\"pp-table-cell-text\"><b>T\u00e9cnicas De Manejo Pr\u00e9vio Do Estresse Para Atividades Em Incidentes Cr\u00edticos Ou Traum\u00e1ticos<\/b><br>Olavo Sant\u2019anna Filho (Cruz Vermelha Brasileira) E Lyani Prado (Cruz Vermelha Brasileira)\n<\/span><\/span><\/td><\/tr><tr ><td class=\"pp-table-cell pp-table-cell-8e7bde5\"><span class=\"pp-table-cell-content\"><span class=\"pp-table-cell-text\">Sala Caatinga<\/span><\/span><\/td><td class=\"pp-table-cell pp-table-cell-396eb48\"><span class=\"pp-table-cell-content\"><span class=\"pp-table-cell-text\"><b>Gest\u00e3o Da Diversidade E Inclus\u00e3o Nas Organiza\u00e7\u00f5es<\/b><br>Ra\u00edssa Tette (UFSJ)\n<\/span><\/span><\/td><\/tr><tr ><td class=\"pp-table-cell pp-table-cell-6094dab\"><span class=\"pp-table-cell-content\"><span class=\"pp-table-cell-text\">Sala Pantanal<\/span><\/span><\/td><td class=\"pp-table-cell pp-table-cell-6677d78\"><span class=\"pp-table-cell-content\"><span class=\"pp-table-cell-text\"><b>Grupos Focais No Diagn\u00f3stico Organizacional: Aspectos Te\u00f3ricos E Pr\u00e1ticos<\/b><br>S\u00f4nia Maria Guedes Gondim (UFBA)\n<\/span><\/span><\/td><\/tr><tr ><td class=\"pp-table-cell pp-table-cell-4dfae5d\"><span class=\"pp-table-cell-content\"><span class=\"pp-table-cell-text\">Sala Pampas<\/span><\/span><\/td><td class=\"pp-table-cell pp-table-cell-d80e692\"><span class=\"pp-table-cell-content\"><span class=\"pp-table-cell-text\"><b>Per\u00edcia Psicol\u00f3gica Trabalhista E Previdenci\u00e1ria<\/b><br>Roberto Moraes Cruz (UFSC)\n<\/span><\/span><\/td><\/tr><tr ><td class=\"pp-table-cell pp-table-cell-4fc4177\"><span class=\"pp-table-cell-content\"><span class=\"pp-table-cell-text\">Sala Mata dos Cocais<\/span><\/span><\/td><td class=\"pp-table-cell pp-table-cell-6e690be\"><span class=\"pp-table-cell-content\"><span class=\"pp-table-cell-text\"><b>Desenvolvendo Programas De Qualidade De Vida No Trabalho<\/b><br>Mario C\u00e9sar Ferreira (UnB)\n<\/span><\/span><\/td><\/tr>\t\t<\/tbody>\n\t\t\t\t\t<\/table>\n\t\t<\/div>\n\t\t\t\t<\/div>\n\t\t\t\t<\/div>\n\t\t\t\t\t\t<\/div>\n\t\t\t\t\t<\/div>\n\t\t<\/div>\n\t\t\t\t\t\t\t\t<\/div>\n\t\t\t\t\t<\/div>\n\t\t<\/section>\n\t\t\t\t\t\t<\/div>\n\t\t\t\t\t\t<\/div>\n\t\t\t\t\t<\/div>\n\t\t<\/div>\n\t\t\t\t<\/div>\n\t\t\t\t\t<\/div>\n\t\t\t\t<\/div>\n\t\t\t\t<\/div>\n\t\t\t\t\t\t<\/div>\n\t\t\t\t\t<\/div>\n\t\t<\/div>\n\t\t\t\t\t\t\t\t<\/div>\n\t\t\t\t\t<\/div>\n\t\t<\/section>\n\t\t\t\t\t\t<\/div>\n\t\t\t\t\t\t<\/div>\n\t\t\t\t\t<\/div>\n\t\t","protected":false},"excerpt":{"rendered":"<p>31 DE OUTUBRO (S\u00c1BADO) 8:00 \u00e0s 12:00 Mini Cursos Sala Amaz\u00f4nia A Reforma Trabalhista E As Transforma\u00e7\u00f5es Do Mercado De Trabalho C\u00e9lio Pereira De Oliveira Neto (USP) Sala Mata Atl\u00e2ntica Metodologias \u00c1geis Para Criatividade E Inova\u00e7\u00e3o: Design Thinking, Canvas E PitchHelena Brochado (Com Prop\u00f3sito) Sala Cerrado Efetividade De Treinamento, Desenvolvimento E Educa\u00e7\u00e3o Em Organiza\u00e7\u00f5es E [&hellip;]<\/p>\n","protected":false},"author":1,"featured_media":0,"parent":940,"menu_order":0,"comment_status":"closed","ping_status":"closed","template":"","meta":[],"_links":{"self":[{"href":"https:\/\/cbpot2020.sbpot.org.br\/portal\/wp-json\/wp\/v2\/pages\/1361"}],"collection":[{"href":"https:\/\/cbpot2020.sbpot.org.br\/portal\/wp-json\/wp\/v2\/pages"}],"about":[{"href":"https:\/\/cbpot2020.sbpot.org.br\/portal\/wp-json\/wp\/v2\/types\/page"}],"author":[{"embeddable":true,"href":"https:\/\/cbpot2020.sbpot.org.br\/portal\/wp-json\/wp\/v2\/users\/1"}],"replies":[{"embeddable":true,"href":"https:\/\/cbpot2020.sbpot.org.br\/portal\/wp-json\/wp\/v2\/comments?post=1361"}],"version-history":[{"count":6,"href":"https:\/\/cbpot2020.sbpot.org.br\/portal\/wp-json\/wp\/v2\/pages\/1361\/revisions"}],"predecessor-version":[{"id":1609,"href":"https:\/\/cbpot2020.sbpot.org.br\/portal\/wp-json\/wp\/v2\/pages\/1361\/revisions\/1609"}],"up":[{"embeddable":true,"href":"https:\/\/cbpot2020.sbpot.org.br\/portal\/wp-json\/wp\/v2\/pages\/940"}],"wp:attachment":[{"href":"https:\/\/cbpot2020.sbpot.org.br\/portal\/wp-json\/wp\/v2\/media?parent=1361"}],"curies":[{"name":"wp","href":"https:\/\/api.w.org\/{rel}","templated":true}]}}